[INFO] cloning repository https://github.com/JichouP/displayoff
[INFO] running `Command { std: "git" "-c" "credential.helper=" "-c" "credential.helper=/workspace/cargo-home/bin/git-credential-null" "clone" "--bare" "https://github.com/JichouP/displayoff" "/workspace/cache/git-repos/https%3A%2F%2Fgithub.com%2FJichouP%2Fdisplayoff", kill_on_drop: false }`
[INFO] [stderr] Cloning into bare repository '/workspace/cache/git-repos/https%3A%2F%2Fgithub.com%2FJichouP%2Fdisplayoff'...
[INFO] running `Command { std: "git" "rev-parse" "HEAD", kill_on_drop: false }`
[INFO] [stdout] 33b24678c52ee0a64f5341e851038179c9cd6a11
[INFO] checking JichouP/displayoff against master#9610dfe5a9a731ced1ea4923ecbd0c57fe367898 for beta-170-4
[INFO] running `Command { std: "git" "clone" "/workspace/cache/git-repos/https%3A%2F%2Fgithub.com%2FJichouP%2Fdisplayoff" "/workspace/builds/worker-4-tc1/source", kill_on_drop: false }`
[INFO] [stderr] Cloning into '/workspace/builds/worker-4-tc1/source'...
[INFO] [stderr] done.
[INFO] validating manifest of git repo https://github.com/JichouP/displayoff on toolchain 9610dfe5a9a731ced1ea4923ecbd0c57fe367898
[INFO] running `Command { std: CARGO_HOME="/workspace/cargo-home" RUSTUP_HOME="/workspace/rustup-home" "/workspace/cargo-home/bin/cargo" "+9610dfe5a9a731ced1ea4923ecbd0c57fe367898" "metadata" "--manifest-path" "Cargo.toml" "--no-deps", kill_on_drop: false }`
[INFO] started tweaking git repo https://github.com/JichouP/displayoff
[INFO] finished tweaking git repo https://github.com/JichouP/displayoff
[INFO] tweaked toml for git repo https://github.com/JichouP/displayoff written to /workspace/builds/worker-4-tc1/source/Cargo.toml
[INFO] crate git repo https://github.com/JichouP/displayoff already has a lockfile, it will not be regenerated
[INFO] running `Command { std: CARGO_HOME="/workspace/cargo-home" RUSTUP_HOME="/workspace/rustup-home" "/workspace/cargo-home/bin/cargo" "+9610dfe5a9a731ced1ea4923ecbd0c57fe367898" "fetch" "--manifest-path" "Cargo.toml", kill_on_drop: false }`
[INFO] [stderr]  Downloading crates ...
[INFO] [stderr]   Downloaded user32-sys v0.2.0
[INFO] running `Command { std: "docker" "create" "-v" "/var/lib/crater-agent-workspace/builds/worker-4-tc1/target:/opt/rustwide/target:rw,Z" "-v" "/var/lib/crater-agent-workspace/builds/worker-4-tc1/source:/opt/rustwide/workdir:ro,Z" "-v" "/var/lib/crater-agent-workspace/cargo-home:/opt/rustwide/cargo-home:ro,Z" "-v" "/var/lib/crater-agent-workspace/rustup-home:/opt/rustwide/rustup-home:ro,Z" "-e" "SOURCE_DIR=/opt/rustwide/workdir" "-e" "CARGO_TARGET_DIR=/opt/rustwide/target" "-e" "CARGO_HOME=/opt/rustwide/cargo-home" "-e" "RUSTUP_HOME=/opt/rustwide/rustup-home" "-w" "/opt/rustwide/workdir" "-m" "1610612736" "--user" "0:0" "--network" "none" "ghcr.io/rust-lang/crates-build-env/linux@sha256:19e73879b68f455e41552ea35293514db52ea292d993f571636dbffedb77a1ee" "/opt/rustwide/cargo-home/bin/cargo" "+9610dfe5a9a731ced1ea4923ecbd0c57fe367898" "metadata" "--no-deps" "--format-version=1", kill_on_drop: false }`
[INFO] [stdout] 4199461fe2111ca6186ea9dbfe779e3ea709e226193b34fdb14754253a767fe6
[INFO] running `Command { std: "docker" "start" "-a" "4199461fe2111ca6186ea9dbfe779e3ea709e226193b34fdb14754253a767fe6", kill_on_drop: false }`
[INFO] running `Command { std: "docker" "inspect" "4199461fe2111ca6186ea9dbfe779e3ea709e226193b34fdb14754253a767fe6", kill_on_drop: false }`
[INFO] running `Command { std: "docker" "rm" "-f" "4199461fe2111ca6186ea9dbfe779e3ea709e226193b34fdb14754253a767fe6", kill_on_drop: false }`
[INFO] [stdout] 4199461fe2111ca6186ea9dbfe779e3ea709e226193b34fdb14754253a767fe6
[INFO] running `Command { std: "docker" "create" "-v" "/var/lib/crater-agent-workspace/builds/worker-4-tc1/target:/opt/rustwide/target:rw,Z" "-v" "/var/lib/crater-agent-workspace/builds/worker-4-tc1/source:/opt/rustwide/workdir:ro,Z" "-v" "/var/lib/crater-agent-workspace/cargo-home:/opt/rustwide/cargo-home:ro,Z" "-v" "/var/lib/crater-agent-workspace/rustup-home:/opt/rustwide/rustup-home:ro,Z" "-e" "SOURCE_DIR=/opt/rustwide/workdir" "-e" "CARGO_TARGET_DIR=/opt/rustwide/target" "-e" "CARGO_INCREMENTAL=0" "-e" "RUST_BACKTRACE=full" "-e" "RUSTFLAGS=--cap-lints=forbid" "-e" "RUSTDOCFLAGS=--cap-lints=forbid" "-e" "CARGO_HOME=/opt/rustwide/cargo-home" "-e" "RUSTUP_HOME=/opt/rustwide/rustup-home" "-w" "/opt/rustwide/workdir" "-m" "1610612736" "--user" "0:0" "--network" "none" "ghcr.io/rust-lang/crates-build-env/linux@sha256:19e73879b68f455e41552ea35293514db52ea292d993f571636dbffedb77a1ee" "/opt/rustwide/cargo-home/bin/cargo" "+9610dfe5a9a731ced1ea4923ecbd0c57fe367898" "check" "--frozen" "--all" "--all-targets" "--message-format=json", kill_on_drop: false }`
[INFO] [stdout] db042b35459d696b348993e4db2b673b296a7052c5c7d8bb884fd783cf017e16
[INFO] running `Command { std: "docker" "start" "-a" "db042b35459d696b348993e4db2b673b296a7052c5c7d8bb884fd783cf017e16", kill_on_drop: false }`
[INFO] [stderr]    Compiling winapi-build v0.1.1
[INFO] [stderr]     Checking winapi v0.2.8
[INFO] [stderr]    Compiling user32-sys v0.2.0
[INFO] [stderr]     Checking displayoff v0.1.0 (/opt/rustwide/workdir)
[INFO] [stdout] error[E0432]: unresolved import `winapi::HWND_TOPMOST`
[INFO] [stdout]  --> src/main.rs:1:5
[INFO] [stdout]   |
[INFO] [stdout] 1 | use winapi::HWND_TOPMOST;
[INFO] [stdout]   |     ^^^^^^^^^^^^^^^^^^^^ no `HWND_TOPMOST` in the root
[INFO] [stdout] 
[INFO] [stdout] 
[INFO] [stdout] error[E0425]: cannot find function, tuple struct or tuple variant `PostMessageW` in crate `user32`
[INFO] [stdout]  --> src/main.rs:8:17
[INFO] [stdout]   |
[INFO] [stdout] 8 |         user32::PostMessageW(HWND_TOPMOST, 0x0112, 0xf170, 2);
[INFO] [stdout]   |                 ^^^^^^^^^^^^ not found in `user32`
[INFO] [stdout] 
[INFO] [stdout] 
[INFO] [stdout] error[E0432]: unresolved import `winapi::HWND_TOPMOST`
[INFO] [stdout]  --> src/main.rs:1:5
[INFO] [stdout]   |
[INFO] [stdout] 1 | use winapi::HWND_TOPMOST;
[INFO] [stdout]   |     ^^^^^^^^^^^^^^^^^^^^ no `HWND_TOPMOST` in the root
[INFO] [stdout] 
[INFO] [stdout] 
[INFO] [stdout] error[E0425]: cannot find function, tuple struct or tuple variant `PostMessageW` in crate `user32`
[INFO] [stdout]  --> src/main.rs:8:17
[INFO] [stdout]   |
[INFO] [stdout] 8 |         user32::PostMessageW(HWND_TOPMOST, 0x0112, 0xf170, 2);
[INFO] [stdout]   |                 ^^^^^^^^^^^^ not found in `user32`
[INFO] [stdout] 
[INFO] [stdout] 
[INFO] [stdout] error: aborting due to 2 previous errors
[INFO] [stdout] 
[INFO] [stdout] 
[INFO] [stdout] Some errors have detailed explanations: E0425, E0432.
[INFO] [stdout] 
[INFO] [stdout] For more information about an error, try `rustc --explain E0425`.
[INFO] [stdout] 
[INFO] [stdout] error: aborting due to 2 previous errors
[INFO] [stdout] 
[INFO] [stdout] 
[INFO] [stdout] Some errors have detailed explanations: E0425, E0432.
[INFO] [stdout] 
[INFO] [stdout] For more information about an error, try `rustc --explain E0425`.
[INFO] [stdout] 
[INFO] [stderr] error: could not compile `displayoff` (bin "displayoff") due to 3 previous errors
[INFO] [stderr] warning: build failed, waiting for other jobs to finish...
[INFO] [stderr] error: could not compile `displayoff` (bin "displayoff" test) due to 3 previous errors
[INFO] running `Command { std: "docker" "inspect" "db042b35459d696b348993e4db2b673b296a7052c5c7d8bb884fd783cf017e16", kill_on_drop: false }`
[INFO] running `Command { std: "docker" "rm" "-f" "db042b35459d696b348993e4db2b673b296a7052c5c7d8bb884fd783cf017e16", kill_on_drop: false }`
[INFO] [stdout] db042b35459d696b348993e4db2b673b296a7052c5c7d8bb884fd783cf017e16
